{"id":7,"date":"2018-03-25T14:54:24","date_gmt":"2018-03-25T12:54:24","guid":{"rendered":"http:\/\/cleaning.jami.services\/wordpress\/?page_id=7"},"modified":"2018-10-24T07:51:33","modified_gmt":"2018-10-24T05:51:33","slug":"jamiservice","status":"publish","type":"page","link":"https:\/\/cleaning.jami.services\/","title":{"rendered":"JAMI Diallo"},"content":{"rendered":"<h1>Willkommen bei JAMI Diallo &#8211; Services.<\/h1>\n<p>&nbsp;<\/p>\n<p>Reinigung, Im- &amp; Export, Catering,\u00a0 IT-Services<\/p>\n<p>Wir bieten eine breite Palette von Dienstleistungen unter einem Dach.<\/p>\n<p>&nbsp;<\/p>\n<h1>\u00dcber JAMI Diallo<\/h1>\n<p>Unsere \u00dcberzeugung gute, schnelle und ehrliche Arbeit zu leisten und Freude an dem zu finden was man erreicht, ist die Basis unseres Handelns.<\/p>\n<p>Gegr\u00fcndet auf dieser Idee haben Wir Anfang 2018 begonnen f\u00fcr Euch zu arbeiten.<\/p>\n","protected":false},"excerpt":{"rendered":"<p>Willkommen bei JAMI Diallo &#8211; Services. &nbsp; Reinigung, Im- &amp; Export, Catering,\u00a0 IT-Services Wir bieten eine breite Palette von Dienstleistungen unter einem Dach. &nbsp; \u00dcber JAMI Diallo Unsere \u00dcberzeugung gute, schnelle und ehrliche Arbeit zu leisten und Freude an dem zu finden was man erreicht, ist die Basis unseres Handelns. Gegr\u00fcndet auf dieser Idee haben &hellip; <\/p>\n<p class=\"link-more\"><a href=\"https:\/\/cleaning.jami.services\/\" class=\"more-link\"><span class=\"screen-reader-text\">\u201eJAMI Diallo\u201c<\/span> weiterlesen<\/a><\/p>\n","protected":false},"author":1,"featured_media":111,"parent":0,"menu_order":0,"comment_status":"closed","ping_status":"closed","template":"","meta":{"footnotes":""},"class_list":["post-7","page","type-page","status-publish","has-post-thumbnail","hentry"],"yoast_head":"<!-- This site is optimized with the Yoast SEO plugin v27.3 - https:\/\/yoast.com\/product\/yoast-seo-wordpress\/ -->\n<title>JAMI Diallo - Services - Reinigungen | Reinigung, Catering, Im- Export, IT-Services<\/title>\n<meta name=\"description\" content=\"Willkommen bei JAMI Diallo Reinigungen - Ihrer Reinigungsfirma in Bern. Als erfahrenes Reinigungsunternehmen sind wir Ihr Ansprechpartner f\u00fcr Reinigung.\" \/>\n<meta name=\"robots\" content=\"index, follow, max-snippet:-1, max-image-preview:large, max-video-preview:-1\" \/>\n<link rel=\"canonical\" href=\"https:\/\/cleaning.jami.services\/\" \/>\n<meta property=\"og:locale\" content=\"de_DE\" \/>\n<meta property=\"og:type\" content=\"article\" \/>\n<meta property=\"og:title\" content=\"JAMI Diallo - Services - Reinigungen | Reinigung, Catering, Im- Export, IT-Services\" \/>\n<meta property=\"og:description\" content=\"Willkommen bei JAMI Diallo Reinigungen - Ihrer Reinigungsfirma in Bern. Als erfahrenes Reinigungsunternehmen sind wir Ihr Ansprechpartner f\u00fcr Reinigung.\" \/>\n<meta property=\"og:url\" content=\"https:\/\/cleaning.jami.services\/\" \/>\n<meta property=\"og:site_name\" content=\"JAMI Diallo - Services - Reinigungen\" \/>\n<meta property=\"article:modified_time\" content=\"2018-10-24T05:51:33+00:00\" \/>\n<meta property=\"og:image\" content=\"https:\/\/cleaning.jami.services\/wp-content\/uploads\/2018\/05\/Logo_new-e1540359115228.jpg\" \/>\n\t<meta property=\"og:image:width\" content=\"1003\" \/>\n\t<meta property=\"og:image:height\" content=\"205\" \/>\n\t<meta property=\"og:image:type\" content=\"image\/jpeg\" \/>\n<meta name=\"twitter:card\" content=\"summary_large_image\" \/>\n<script type=\"application\/ld+json\" class=\"yoast-schema-graph\">{\"@context\":\"https:\\\/\\\/schema.org\",\"@graph\":[{\"@type\":\"WebPage\",\"@id\":\"https:\\\/\\\/cleaning.jami.services\\\/\",\"url\":\"https:\\\/\\\/cleaning.jami.services\\\/\",\"name\":\"JAMI Diallo - Services - Reinigungen | Reinigung, Catering, Im- Export, IT-Services\",\"isPartOf\":{\"@id\":\"https:\\\/\\\/cleaning.jami.services\\\/#website\"},\"primaryImageOfPage\":{\"@id\":\"https:\\\/\\\/cleaning.jami.services\\\/#primaryimage\"},\"image\":{\"@id\":\"https:\\\/\\\/cleaning.jami.services\\\/#primaryimage\"},\"thumbnailUrl\":\"https:\\\/\\\/cleaning.jami.services\\\/wp-content\\\/uploads\\\/2018\\\/05\\\/Logo_new-e1540359115228.jpg\",\"datePublished\":\"2018-03-25T12:54:24+00:00\",\"dateModified\":\"2018-10-24T05:51:33+00:00\",\"description\":\"Willkommen bei JAMI Diallo Reinigungen - Ihrer Reinigungsfirma in Bern. Als erfahrenes Reinigungsunternehmen sind wir Ihr Ansprechpartner f\u00fcr Reinigung.\",\"breadcrumb\":{\"@id\":\"https:\\\/\\\/cleaning.jami.services\\\/#breadcrumb\"},\"inLanguage\":\"de\",\"potentialAction\":[{\"@type\":\"ReadAction\",\"target\":[\"https:\\\/\\\/cleaning.jami.services\\\/\"]}]},{\"@type\":\"ImageObject\",\"inLanguage\":\"de\",\"@id\":\"https:\\\/\\\/cleaning.jami.services\\\/#primaryimage\",\"url\":\"https:\\\/\\\/cleaning.jami.services\\\/wp-content\\\/uploads\\\/2018\\\/05\\\/Logo_new-e1540359115228.jpg\",\"contentUrl\":\"https:\\\/\\\/cleaning.jami.services\\\/wp-content\\\/uploads\\\/2018\\\/05\\\/Logo_new-e1540359115228.jpg\",\"width\":1003,\"height\":205,\"caption\":\"Willkommen bei JAMI Diallo Reinigungen - Ihrer Reinigungsfirma in Bern. Als kleines familiengef\u00fchrtes und erfahrenes Reinigungsunternehmen sind wir Ihr Ansprechpartner f\u00fcr Reinigung und Unterhalt. Sie k\u00f6nnen uns jetzt einfach online einen Besichtigungstermin buchen und wir versprechen Ihnen einen Service der wirklich sauber macht zu erleben. Rufen Sie uns gleich an unter der Telefonnummer 079-7005792 oder schreiben Sie uns ein E-Mail an jamidiallo@boerm.ch. Reinigungsfirma in Bern. Umzugsreinigung Bern, Umzugsreinigung preise, Umzugsreinigung kosten, Umzugsreinigung g\u00fcnstig. B\u00fcroreinigung Bern, B\u00fcroreinigung preise, B\u00fcroreinigung kosten. Eventreinigung Bern, Eventreinigung preise, Eventreinigung kosten. Bodenreinigung Bern, Bodenreinigung preise, Bodenreinigung kosten. Fensterreinigung Bern, Fensterreinigung preise, Fensterreinigung kosten. Wintergarten reinigung Bern, Wintergarten reinigung preise, Wintergarten reinigung kosten. Unterhaltsreinigung Bern, Unterhaltsreinigung preise, Unterhaltsreinigung kosten. Wohnungsreinigung Bern, Wohnungsreinigung preise, Wohnungsreinigung kosten. Reinigungsfirma in Bern.\"},{\"@type\":\"BreadcrumbList\",\"@id\":\"https:\\\/\\\/cleaning.jami.services\\\/#breadcrumb\",\"itemListElement\":[{\"@type\":\"ListItem\",\"position\":1,\"name\":\"Startseite\",\"item\":\"https:\\\/\\\/cleaning.jami.services\\\/\"},{\"@type\":\"ListItem\",\"position\":2,\"name\":\"JAMI Diallo\"}]},{\"@type\":\"WebSite\",\"@id\":\"https:\\\/\\\/cleaning.jami.services\\\/#website\",\"url\":\"https:\\\/\\\/cleaning.jami.services\\\/\",\"name\":\"JAMI Diallo - Services\",\"description\":\"Reinigung, Im- &amp; Export, Catering, IT-Services - Alles unter einem Dach\",\"publisher\":{\"@id\":\"https:\\\/\\\/cleaning.jami.services\\\/#organization\"},\"potentialAction\":[{\"@type\":\"SearchAction\",\"target\":{\"@type\":\"EntryPoint\",\"urlTemplate\":\"https:\\\/\\\/cleaning.jami.services\\\/?s={search_term_string}\"},\"query-input\":{\"@type\":\"PropertyValueSpecification\",\"valueRequired\":true,\"valueName\":\"search_term_string\"}}],\"inLanguage\":\"de\"},{\"@type\":\"Organization\",\"@id\":\"https:\\\/\\\/cleaning.jami.services\\\/#organization\",\"name\":\"JAMI Diallo - Services\",\"url\":\"https:\\\/\\\/cleaning.jami.services\\\/\",\"logo\":{\"@type\":\"ImageObject\",\"inLanguage\":\"de\",\"@id\":\"https:\\\/\\\/cleaning.jami.services\\\/#\\\/schema\\\/logo\\\/image\\\/\",\"url\":\"https:\\\/\\\/cleaning.jami.services\\\/wp-content\\\/uploads\\\/2018\\\/04\\\/logo.jpg\",\"contentUrl\":\"https:\\\/\\\/cleaning.jami.services\\\/wp-content\\\/uploads\\\/2018\\\/04\\\/logo.jpg\",\"width\":625,\"height\":295,\"caption\":\"JAMI Diallo - Services\"},\"image\":{\"@id\":\"https:\\\/\\\/cleaning.jami.services\\\/#\\\/schema\\\/logo\\\/image\\\/\"}}]}<\/script>\n<!-- \/ Yoast SEO plugin. -->","yoast_head_json":{"title":"JAMI Diallo - Services - Reinigungen | Reinigung, Catering, Im- Export, IT-Services","description":"Willkommen bei JAMI Diallo Reinigungen - Ihrer Reinigungsfirma in Bern. Als erfahrenes Reinigungsunternehmen sind wir Ihr Ansprechpartner f\u00fcr Reinigung.","robots":{"index":"index","follow":"follow","max-snippet":"max-snippet:-1","max-image-preview":"max-image-preview:large","max-video-preview":"max-video-preview:-1"},"canonical":"https:\/\/cleaning.jami.services\/","og_locale":"de_DE","og_type":"article","og_title":"JAMI Diallo - Services - Reinigungen | Reinigung, Catering, Im- Export, IT-Services","og_description":"Willkommen bei JAMI Diallo Reinigungen - Ihrer Reinigungsfirma in Bern. Als erfahrenes Reinigungsunternehmen sind wir Ihr Ansprechpartner f\u00fcr Reinigung.","og_url":"https:\/\/cleaning.jami.services\/","og_site_name":"JAMI Diallo - Services - Reinigungen","article_modified_time":"2018-10-24T05:51:33+00:00","og_image":[{"width":1003,"height":205,"url":"https:\/\/cleaning.jami.services\/wp-content\/uploads\/2018\/05\/Logo_new-e1540359115228.jpg","type":"image\/jpeg"}],"twitter_card":"summary_large_image","schema":{"@context":"https:\/\/schema.org","@graph":[{"@type":"WebPage","@id":"https:\/\/cleaning.jami.services\/","url":"https:\/\/cleaning.jami.services\/","name":"JAMI Diallo - Services - Reinigungen | Reinigung, Catering, Im- Export, IT-Services","isPartOf":{"@id":"https:\/\/cleaning.jami.services\/#website"},"primaryImageOfPage":{"@id":"https:\/\/cleaning.jami.services\/#primaryimage"},"image":{"@id":"https:\/\/cleaning.jami.services\/#primaryimage"},"thumbnailUrl":"https:\/\/cleaning.jami.services\/wp-content\/uploads\/2018\/05\/Logo_new-e1540359115228.jpg","datePublished":"2018-03-25T12:54:24+00:00","dateModified":"2018-10-24T05:51:33+00:00","description":"Willkommen bei JAMI Diallo Reinigungen - Ihrer Reinigungsfirma in Bern. Als erfahrenes Reinigungsunternehmen sind wir Ihr Ansprechpartner f\u00fcr Reinigung.","breadcrumb":{"@id":"https:\/\/cleaning.jami.services\/#breadcrumb"},"inLanguage":"de","potentialAction":[{"@type":"ReadAction","target":["https:\/\/cleaning.jami.services\/"]}]},{"@type":"ImageObject","inLanguage":"de","@id":"https:\/\/cleaning.jami.services\/#primaryimage","url":"https:\/\/cleaning.jami.services\/wp-content\/uploads\/2018\/05\/Logo_new-e1540359115228.jpg","contentUrl":"https:\/\/cleaning.jami.services\/wp-content\/uploads\/2018\/05\/Logo_new-e1540359115228.jpg","width":1003,"height":205,"caption":"Willkommen bei JAMI Diallo Reinigungen - Ihrer Reinigungsfirma in Bern. Als kleines familiengef\u00fchrtes und erfahrenes Reinigungsunternehmen sind wir Ihr Ansprechpartner f\u00fcr Reinigung und Unterhalt. Sie k\u00f6nnen uns jetzt einfach online einen Besichtigungstermin buchen und wir versprechen Ihnen einen Service der wirklich sauber macht zu erleben. Rufen Sie uns gleich an unter der Telefonnummer 079-7005792 oder schreiben Sie uns ein E-Mail an jamidiallo@boerm.ch. Reinigungsfirma in Bern. Umzugsreinigung Bern, Umzugsreinigung preise, Umzugsreinigung kosten, Umzugsreinigung g\u00fcnstig. B\u00fcroreinigung Bern, B\u00fcroreinigung preise, B\u00fcroreinigung kosten. Eventreinigung Bern, Eventreinigung preise, Eventreinigung kosten. Bodenreinigung Bern, Bodenreinigung preise, Bodenreinigung kosten. Fensterreinigung Bern, Fensterreinigung preise, Fensterreinigung kosten. Wintergarten reinigung Bern, Wintergarten reinigung preise, Wintergarten reinigung kosten. Unterhaltsreinigung Bern, Unterhaltsreinigung preise, Unterhaltsreinigung kosten. Wohnungsreinigung Bern, Wohnungsreinigung preise, Wohnungsreinigung kosten. Reinigungsfirma in Bern."},{"@type":"BreadcrumbList","@id":"https:\/\/cleaning.jami.services\/#breadcrumb","itemListElement":[{"@type":"ListItem","position":1,"name":"Startseite","item":"https:\/\/cleaning.jami.services\/"},{"@type":"ListItem","position":2,"name":"JAMI Diallo"}]},{"@type":"WebSite","@id":"https:\/\/cleaning.jami.services\/#website","url":"https:\/\/cleaning.jami.services\/","name":"JAMI Diallo - Services","description":"Reinigung, Im- &amp; Export, Catering, IT-Services - Alles unter einem Dach","publisher":{"@id":"https:\/\/cleaning.jami.services\/#organization"},"potentialAction":[{"@type":"SearchAction","target":{"@type":"EntryPoint","urlTemplate":"https:\/\/cleaning.jami.services\/?s={search_term_string}"},"query-input":{"@type":"PropertyValueSpecification","valueRequired":true,"valueName":"search_term_string"}}],"inLanguage":"de"},{"@type":"Organization","@id":"https:\/\/cleaning.jami.services\/#organization","name":"JAMI Diallo - Services","url":"https:\/\/cleaning.jami.services\/","logo":{"@type":"ImageObject","inLanguage":"de","@id":"https:\/\/cleaning.jami.services\/#\/schema\/logo\/image\/","url":"https:\/\/cleaning.jami.services\/wp-content\/uploads\/2018\/04\/logo.jpg","contentUrl":"https:\/\/cleaning.jami.services\/wp-content\/uploads\/2018\/04\/logo.jpg","width":625,"height":295,"caption":"JAMI Diallo - Services"},"image":{"@id":"https:\/\/cleaning.jami.services\/#\/schema\/logo\/image\/"}}]}},"_links":{"self":[{"href":"https:\/\/cleaning.jami.services\/index.php\/wp-json\/wp\/v2\/pages\/7","targetHints":{"allow":["GET"]}}],"collection":[{"href":"https:\/\/cleaning.jami.services\/index.php\/wp-json\/wp\/v2\/pages"}],"about":[{"href":"https:\/\/cleaning.jami.services\/index.php\/wp-json\/wp\/v2\/types\/page"}],"author":[{"embeddable":true,"href":"https:\/\/cleaning.jami.services\/index.php\/wp-json\/wp\/v2\/users\/1"}],"replies":[{"embeddable":true,"href":"https:\/\/cleaning.jami.services\/index.php\/wp-json\/wp\/v2\/comments?post=7"}],"version-history":[{"count":12,"href":"https:\/\/cleaning.jami.services\/index.php\/wp-json\/wp\/v2\/pages\/7\/revisions"}],"predecessor-version":[{"id":143,"href":"https:\/\/cleaning.jami.services\/index.php\/wp-json\/wp\/v2\/pages\/7\/revisions\/143"}],"wp:featuredmedia":[{"embeddable":true,"href":"https:\/\/cleaning.jami.services\/index.php\/wp-json\/wp\/v2\/media\/111"}],"wp:attachment":[{"href":"https:\/\/cleaning.jami.services\/index.php\/wp-json\/wp\/v2\/media?parent=7"}],"curies":[{"name":"wp","href":"https:\/\/api.w.org\/{rel}","templated":true}]}}