{"id":96,"date":"2018-04-22T18:20:36","date_gmt":"2018-04-22T16:20:36","guid":{"rendered":"http:\/\/cleaning.jami.services\/?page_id=96"},"modified":"2022-03-27T14:28:54","modified_gmt":"2022-03-27T12:28:54","slug":"reinigung-details","status":"publish","type":"page","link":"https:\/\/cleaning.jami.services\/index.php\/reinigung\/reinigung-details\/","title":{"rendered":"Reinigung-Details"},"content":{"rendered":"<h1>JAMI Service &#8211; Reinigungen<\/h1>\n<p>Unser Reinigungsteam ist in unz\u00e4hligen Bereichen t\u00e4tig und unsere Kunden sprechen uns immer wieder Ihr Vertrauen aus. Dieser Anspruch ist der Grund warum wir Ihr Reinigungsunternehmen sein sollten.<\/p>\n<p>Wir Reinigen nicht nur. Wir machen wirklich sauber !<\/p>\n<h2>Reinigung von Privatwohnungen<\/h2>\n<div>Sie w\u00fcnschen eine Reinigung Ihrer Privatwohnung in einem bestimmten Rhythmus, w\u00f6chentlich, alle 2 Wochen oder nur jede 4te Woche.<br \/>\nWenn Sie Bedarf haben b\u00fcgeln wir Ihre W\u00e4sche, reinigen Ihren Backofen oder K\u00fchlschrank.<\/div>\n<div>Unser Team begleitet sie beim Umzug und f\u00fchrt die Endreinigungen bei Ihnen durch, wenn ein anstehenden Ortswechsel ansteht.<\/div>\n<div>Dazu bieten wir ihnen auch noch folgende Angebot an: Fensterreinigungen, den obligatorischen Fr\u00fchlingsputz oder das Reinigen nach Festen oder Partys.<\/div>\n<div>Wir reinigen Ihre Fenster oder B\u00f6den mit \u00f6kologischen und Material schonenden Mitteln oder sie stellen die Materialien selbst bereit.<\/div>\n<div><span style=\"font-family: 'Times New Roman'; font-size: small;\">\u00a0<\/span><\/div>\n<h2>Reinigung von B\u00fcror\u00e4umen, Arztpraxen oder ganzen Firmenetagen<\/h2>\n<div>Sie bestimmen in welchen Rhythmus Ihr B\u00fcro oder Praxis gereinigt wird. Sie k\u00f6nnen uns je nach Bedarf t\u00e4glich oder in einem bestimmten Rhythmus buchen. Wir bieten Ihnen einen ma\u00dfgeschneiderten Service mit hoher Flexibilit\u00e4t an. Nat\u00fcrlich sind wir \u00e4u\u00dferst diskret und unser Team achtet die Privatsph\u00e4re.<\/div>\n<div>Dar\u00fcber hinaus k\u00f6nnen wir auch nach einer Checkliste arbeiten, die Sie regelm\u00e4\u00dfig anpassen k\u00f6nnen.<\/div>\n<div><span style=\"font-family: 'Times New Roman'; font-size: small;\">\u00a0<\/span><\/div>\n<div><\/div>\n<div>Fragen sie uns \u2013 wir machen Ihnen gerne eine Offerte.<\/div>\n<div>Unser Putzservice ist 24 Stunden an 7 Tagen f\u00fcr Sie bereit.<\/div>\n<div>\u00a0Auch kurzfristige Auftr\u00e4ge k\u00f6nnen bei uns buchen werden. Fragen Sie und an.<\/div>\n<div><\/div>\n<div><\/div>\n<div>Vereinbaren sie noch heute eine Besichtigung Ihre R\u00e4umlichkeiten, damit wir ihnen eine ma\u00dfgeschneiderter Offerte machen k\u00f6nnen.<\/div>\n<div><span style=\"font-family: 'Times New Roman'; font-size: small;\">\u00a0<\/span><\/div>\n<div>Wir freuen uns auf Sie.<\/div>\n","protected":false},"excerpt":{"rendered":"<p>JAMI Service &#8211; Reinigungen Unser Reinigungsteam ist in unz\u00e4hligen Bereichen t\u00e4tig und unsere Kunden sprechen uns immer wieder Ihr Vertrauen aus. Dieser Anspruch ist der Grund warum wir Ihr Reinigungsunternehmen sein sollten. Wir Reinigen nicht nur. Wir machen wirklich sauber ! Reinigung von Privatwohnungen Sie w\u00fcnschen eine Reinigung Ihrer Privatwohnung in einem bestimmten Rhythmus, w\u00f6chentlich, &hellip; <\/p>\n<p class=\"link-more\"><a href=\"https:\/\/cleaning.jami.services\/index.php\/reinigung\/reinigung-details\/\" class=\"more-link\"><span class=\"screen-reader-text\">\u201eReinigung-Details\u201c<\/span> weiterlesen<\/a><\/p>\n","protected":false},"author":1,"featured_media":0,"parent":36,"menu_order":0,"comment_status":"closed","ping_status":"closed","template":"","meta":{"footnotes":""},"class_list":["post-96","page","type-page","status-publish","hentry"],"yoast_head":"<!-- This site is optimized with the Yoast SEO plugin v27.4 - https:\/\/yoast.com\/product\/yoast-seo-wordpress\/ -->\n<title>Reinigung-Details - JAMI Diallo - Services - Reinigungen<\/title>\n<meta name=\"description\" content=\"JAMI Cleaning Service - Reinigungen Unser Reinigungsteam ist in unz\u00e4hligen Bereichen t\u00e4tig und unsere Kunden sprechen uns immer wieder Ihr Vertrauen aus.\" \/>\n<meta name=\"robots\" content=\"index, follow, max-snippet:-1, max-image-preview:large, max-video-preview:-1\" \/>\n<link rel=\"canonical\" href=\"https:\/\/cleaning.jami.services\/index.php\/reinigung\/reinigung-details\/\" \/>\n<meta property=\"og:locale\" content=\"de_DE\" \/>\n<meta property=\"og:type\" content=\"article\" \/>\n<meta property=\"og:title\" content=\"Reinigung-Details - JAMI Diallo - Services - Reinigungen\" \/>\n<meta property=\"og:description\" content=\"JAMI Cleaning Service - Reinigungen Unser Reinigungsteam ist in unz\u00e4hligen Bereichen t\u00e4tig und unsere Kunden sprechen uns immer wieder Ihr Vertrauen aus.\" \/>\n<meta property=\"og:url\" content=\"https:\/\/cleaning.jami.services\/index.php\/reinigung\/reinigung-details\/\" \/>\n<meta property=\"og:site_name\" content=\"JAMI Diallo - Services - Reinigungen\" \/>\n<meta property=\"article:modified_time\" content=\"2022-03-27T12:28:54+00:00\" \/>\n<meta name=\"twitter:card\" content=\"summary_large_image\" \/>\n<meta name=\"twitter:label1\" content=\"Gesch\u00e4tzte Lesezeit\" \/>\n\t<meta name=\"twitter:data1\" content=\"1\u00a0Minute\" \/>\n<script type=\"application\/ld+json\" class=\"yoast-schema-graph\">{\"@context\":\"https:\\\/\\\/schema.org\",\"@graph\":[{\"@type\":\"WebPage\",\"@id\":\"https:\\\/\\\/cleaning.jami.services\\\/index.php\\\/reinigung\\\/reinigung-details\\\/\",\"url\":\"https:\\\/\\\/cleaning.jami.services\\\/index.php\\\/reinigung\\\/reinigung-details\\\/\",\"name\":\"Reinigung-Details - JAMI Diallo - Services - Reinigungen\",\"isPartOf\":{\"@id\":\"https:\\\/\\\/cleaning.jami.services\\\/#website\"},\"datePublished\":\"2018-04-22T16:20:36+00:00\",\"dateModified\":\"2022-03-27T12:28:54+00:00\",\"description\":\"JAMI Cleaning Service - Reinigungen Unser Reinigungsteam ist in unz\u00e4hligen Bereichen t\u00e4tig und unsere Kunden sprechen uns immer wieder Ihr Vertrauen aus.\",\"breadcrumb\":{\"@id\":\"https:\\\/\\\/cleaning.jami.services\\\/index.php\\\/reinigung\\\/reinigung-details\\\/#breadcrumb\"},\"inLanguage\":\"de\",\"potentialAction\":[{\"@type\":\"ReadAction\",\"target\":[\"https:\\\/\\\/cleaning.jami.services\\\/index.php\\\/reinigung\\\/reinigung-details\\\/\"]}]},{\"@type\":\"BreadcrumbList\",\"@id\":\"https:\\\/\\\/cleaning.jami.services\\\/index.php\\\/reinigung\\\/reinigung-details\\\/#breadcrumb\",\"itemListElement\":[{\"@type\":\"ListItem\",\"position\":1,\"name\":\"Startseite\",\"item\":\"https:\\\/\\\/cleaning.jami.services\\\/\"},{\"@type\":\"ListItem\",\"position\":2,\"name\":\"Reinigung\",\"item\":\"https:\\\/\\\/cleaning.jami.services\\\/index.php\\\/reinigung\\\/\"},{\"@type\":\"ListItem\",\"position\":3,\"name\":\"Reinigung-Details\"}]},{\"@type\":\"WebSite\",\"@id\":\"https:\\\/\\\/cleaning.jami.services\\\/#website\",\"url\":\"https:\\\/\\\/cleaning.jami.services\\\/\",\"name\":\"JAMI Diallo - Services\",\"description\":\"Reinigung, Im- &amp; Export, Catering, IT-Services - Alles unter einem Dach\",\"publisher\":{\"@id\":\"https:\\\/\\\/cleaning.jami.services\\\/#organization\"},\"potentialAction\":[{\"@type\":\"SearchAction\",\"target\":{\"@type\":\"EntryPoint\",\"urlTemplate\":\"https:\\\/\\\/cleaning.jami.services\\\/?s={search_term_string}\"},\"query-input\":{\"@type\":\"PropertyValueSpecification\",\"valueRequired\":true,\"valueName\":\"search_term_string\"}}],\"inLanguage\":\"de\"},{\"@type\":\"Organization\",\"@id\":\"https:\\\/\\\/cleaning.jami.services\\\/#organization\",\"name\":\"JAMI Diallo - Services\",\"url\":\"https:\\\/\\\/cleaning.jami.services\\\/\",\"logo\":{\"@type\":\"ImageObject\",\"inLanguage\":\"de\",\"@id\":\"https:\\\/\\\/cleaning.jami.services\\\/#\\\/schema\\\/logo\\\/image\\\/\",\"url\":\"https:\\\/\\\/cleaning.jami.services\\\/wp-content\\\/uploads\\\/2018\\\/04\\\/logo.jpg\",\"contentUrl\":\"https:\\\/\\\/cleaning.jami.services\\\/wp-content\\\/uploads\\\/2018\\\/04\\\/logo.jpg\",\"width\":625,\"height\":295,\"caption\":\"JAMI Diallo - Services\"},\"image\":{\"@id\":\"https:\\\/\\\/cleaning.jami.services\\\/#\\\/schema\\\/logo\\\/image\\\/\"}}]}<\/script>\n<!-- \/ Yoast SEO plugin. -->","yoast_head_json":{"title":"Reinigung-Details - JAMI Diallo - Services - Reinigungen","description":"JAMI Cleaning Service - Reinigungen Unser Reinigungsteam ist in unz\u00e4hligen Bereichen t\u00e4tig und unsere Kunden sprechen uns immer wieder Ihr Vertrauen aus.","robots":{"index":"index","follow":"follow","max-snippet":"max-snippet:-1","max-image-preview":"max-image-preview:large","max-video-preview":"max-video-preview:-1"},"canonical":"https:\/\/cleaning.jami.services\/index.php\/reinigung\/reinigung-details\/","og_locale":"de_DE","og_type":"article","og_title":"Reinigung-Details - JAMI Diallo - Services - Reinigungen","og_description":"JAMI Cleaning Service - Reinigungen Unser Reinigungsteam ist in unz\u00e4hligen Bereichen t\u00e4tig und unsere Kunden sprechen uns immer wieder Ihr Vertrauen aus.","og_url":"https:\/\/cleaning.jami.services\/index.php\/reinigung\/reinigung-details\/","og_site_name":"JAMI Diallo - Services - Reinigungen","article_modified_time":"2022-03-27T12:28:54+00:00","twitter_card":"summary_large_image","twitter_misc":{"Gesch\u00e4tzte Lesezeit":"1\u00a0Minute"},"schema":{"@context":"https:\/\/schema.org","@graph":[{"@type":"WebPage","@id":"https:\/\/cleaning.jami.services\/index.php\/reinigung\/reinigung-details\/","url":"https:\/\/cleaning.jami.services\/index.php\/reinigung\/reinigung-details\/","name":"Reinigung-Details - JAMI Diallo - Services - Reinigungen","isPartOf":{"@id":"https:\/\/cleaning.jami.services\/#website"},"datePublished":"2018-04-22T16:20:36+00:00","dateModified":"2022-03-27T12:28:54+00:00","description":"JAMI Cleaning Service - Reinigungen Unser Reinigungsteam ist in unz\u00e4hligen Bereichen t\u00e4tig und unsere Kunden sprechen uns immer wieder Ihr Vertrauen aus.","breadcrumb":{"@id":"https:\/\/cleaning.jami.services\/index.php\/reinigung\/reinigung-details\/#breadcrumb"},"inLanguage":"de","potentialAction":[{"@type":"ReadAction","target":["https:\/\/cleaning.jami.services\/index.php\/reinigung\/reinigung-details\/"]}]},{"@type":"BreadcrumbList","@id":"https:\/\/cleaning.jami.services\/index.php\/reinigung\/reinigung-details\/#breadcrumb","itemListElement":[{"@type":"ListItem","position":1,"name":"Startseite","item":"https:\/\/cleaning.jami.services\/"},{"@type":"ListItem","position":2,"name":"Reinigung","item":"https:\/\/cleaning.jami.services\/index.php\/reinigung\/"},{"@type":"ListItem","position":3,"name":"Reinigung-Details"}]},{"@type":"WebSite","@id":"https:\/\/cleaning.jami.services\/#website","url":"https:\/\/cleaning.jami.services\/","name":"JAMI Diallo - Services","description":"Reinigung, Im- &amp; Export, Catering, IT-Services - Alles unter einem Dach","publisher":{"@id":"https:\/\/cleaning.jami.services\/#organization"},"potentialAction":[{"@type":"SearchAction","target":{"@type":"EntryPoint","urlTemplate":"https:\/\/cleaning.jami.services\/?s={search_term_string}"},"query-input":{"@type":"PropertyValueSpecification","valueRequired":true,"valueName":"search_term_string"}}],"inLanguage":"de"},{"@type":"Organization","@id":"https:\/\/cleaning.jami.services\/#organization","name":"JAMI Diallo - Services","url":"https:\/\/cleaning.jami.services\/","logo":{"@type":"ImageObject","inLanguage":"de","@id":"https:\/\/cleaning.jami.services\/#\/schema\/logo\/image\/","url":"https:\/\/cleaning.jami.services\/wp-content\/uploads\/2018\/04\/logo.jpg","contentUrl":"https:\/\/cleaning.jami.services\/wp-content\/uploads\/2018\/04\/logo.jpg","width":625,"height":295,"caption":"JAMI Diallo - Services"},"image":{"@id":"https:\/\/cleaning.jami.services\/#\/schema\/logo\/image\/"}}]}},"_links":{"self":[{"href":"https:\/\/cleaning.jami.services\/index.php\/wp-json\/wp\/v2\/pages\/96","targetHints":{"allow":["GET"]}}],"collection":[{"href":"https:\/\/cleaning.jami.services\/index.php\/wp-json\/wp\/v2\/pages"}],"about":[{"href":"https:\/\/cleaning.jami.services\/index.php\/wp-json\/wp\/v2\/types\/page"}],"author":[{"embeddable":true,"href":"https:\/\/cleaning.jami.services\/index.php\/wp-json\/wp\/v2\/users\/1"}],"replies":[{"embeddable":true,"href":"https:\/\/cleaning.jami.services\/index.php\/wp-json\/wp\/v2\/comments?post=96"}],"version-history":[{"count":5,"href":"https:\/\/cleaning.jami.services\/index.php\/wp-json\/wp\/v2\/pages\/96\/revisions"}],"predecessor-version":[{"id":164,"href":"https:\/\/cleaning.jami.services\/index.php\/wp-json\/wp\/v2\/pages\/96\/revisions\/164"}],"up":[{"embeddable":true,"href":"https:\/\/cleaning.jami.services\/index.php\/wp-json\/wp\/v2\/pages\/36"}],"wp:attachment":[{"href":"https:\/\/cleaning.jami.services\/index.php\/wp-json\/wp\/v2\/media?parent=96"}],"curies":[{"name":"wp","href":"https:\/\/api.w.org\/{rel}","templated":true}]}}